True
Is 4861 composite?
False
Is 258483 a composite number?
True
Is 22433 a prime number?
True
Is 540537 prime?
False
Is 40387 a prime number?
True
Is 6947 prime?
True
Is 3829 a composite number?
True
Is 643523 a prime number?
True
Is 175391 a composite number?
False
Is 23117 a composite number?
False
Is 41941 composite?
False
Is 8485 a prime number?
False
Is 24437 a composite number?
True
Is 11371 composite?
True
Is 54829 a composite number?
False
Is 57259 prime?
True
Is 157 prime?
True
Is 9587 prime?
True
Is 9449 composite?
True
Is 223207 prime?
True
Is 1373 prime?
True
Is 33403 a composite number?
False
Is 4327 prime?
True
Is 4111 composite?
False
Is 937 a composite number?
False
Is 7639 a prime number?
True
Is 479 composite?
False
Is 8803 a prime number?
True
Is 11443 prime?
True
Is 1439 composite?
False
Is 2766329 composite?
False
Is 413481 composite?
True
Is 1139039 a composite number?
True
Is 889 a composite number?
True
Is 20791 a composite number?
True
Is 402899 composite?
True
Is 307 a composite number?
False
Is 42569 composite?
False
Is 182863 a composite number?
True
Is 135701 prime?
True
Is 65761 a prime number?
True
Is 79117 a composite number?
True
Is 159535 prime?
False
Is 222631 composite?
True
Is 743 prime?
True
Is 31677 a composite number?
True
Is 173099 a composite number?
False
Is 262489 composite?
False
Is 76163 prime?
True
Is 18089 a composite number?
False
Is 90583 composite?
False
Is 11579 a composite number?
False
Is 6857 prime?
True
Is 26357 prime?
True
Is 1117889 composite?
False
Is 132853 prime?
False
Is 356677 prime?
False
Is 512401 a composite number?
True
Is 11678 a composite number?
True
Is 228533 composite?
True
Is 2807 a prime number?
False
Is 276559 prime?
False
Is 130867 composite?
True
Is 20249 a prime number?
True
Is 2333 a composite number?
False
Is 68131 composite?
True
Is 29914 composite?
True
Is 203201 prime?
False
Is 5549 prime?
False
Is 19471 a composite number?
False
Is 3721 composite?
True
Is 41333 a prime number?
True
Is 31013 composite?
False
Is 33287 a composite number?
False
Is 18293 a composite number?
True
Is 88897 a prime number?
True
Is 103123 prime?
True
Is 222247 prime?
True
Is 43391 a composite number?
False
Is 67579 composite?
False
Is 3849187 a prime number?
True
Is 6805 prime?
False
Is 46555 a prime number?
False
Is 38821 composite?
False
Is 162259 a prime number?
False
Is 11593 prime?
True
Is 2359 composite?
True
Is 37 prime?
True
Is 16183 composite?
False
Is 14059 prime?
False
Is 41639 a prime number?
False
Is 172723 prime?
False
Is 174047 prime?
True
Is 1563 composite?
True
Is 10411 prime?
False
Is 777617 a composite number?
False
Is 33591 prime?
False
Is 397127 a prime number?
True
Is 5158 composite?
True
Is 432507 prime?
False
Is 34403 a prime number?
True
Is 87443 prime?
True
Is 204007 a prime number?
True
Is 839557 composite?
True
Is 677 a composite number?
False
Is 47757 a composite number?
True
Is 5465 a prime number?
False
Is 32741 composite?
True
Is 2531 a prime number?
True
Is 510677 prime?
True
Is 102659 a composite number?
True
Is 42239 a composite number?
False
Is 13997 prime?
True
Is 215843 a prime number?
True
Is 10551 composite?
True
Is 686593 a prime number?
True
Is 41362 prime?
False
Is 1163609 a prime number?
True
Is 2287 a prime number?
True
Is 155453 prime?
True
Is 13811 a composite number?
True
Is 541 a composite number?
False
Is 574501 prime?
True
Is 979159 composite?
False
Is 30691 a prime number?
False
Is 1801 a prime number?
True
Is 3799 a composite number?
True
Is 51079 a composite number?
True
Is 2497 composite?
True
Is 677309 composite?
False
Is 142 composite?
True
Is 765707 a prime number?
True
Is 4391 prime?
True
Is 21241 composite?
True
Is 8849 a composite number?
False
Is 1660233 a prime number?
False
Is 3143467 composite?
False
Is 54235 a prime number?
False
Is 598073 prime?
False
Is 13367 composite?
False
Is 59309 a composite number?
True
Is 366127 a composite number?
False
Is 25057 prime?
True
Is 3649793 a prime number?
False
Is 157627 prime?
True
Is 1031743 composite?
True
Is 61373 a composite number?
True
Is 2545 composite?
True
Is 28907 a composite number?
True
Is 2252821 prime?
True
Is 164147 composite?
False
Is 106523 a composite number?
True
Is 1115 a prime number?
False
Is 88381 composite?
True
Is 231979 composite?
True
Is 188749 composite?
True
Is 6769 composite?
True
Is 2609 a composite number?
False
Is 9103 a composite number?
False
Is 1941 composite?
True
Is 295807 prime?
False
Is 147337 prime?
False
Is 91167 prime?
False
Is 851749 a prime number?
True
Is 1559 a prime number?
True
Is 43003 a composite number?
False
Is 119359 composite?
False
Is 46919 prime?
True
Is 11513 a composite number?
True
Is 149047 a prime number?
False
Is 59482 a prime number?
False
Is 1691 composite?
True
Is 8039 a prime number?
True
Is 52627 a prime number?
True
Is 254 a prime number?
False
Is 159602 prime?
False
Is 83901 composite?
True
Is 7961 a prime number?
False
Is 5138215 composite?
True
Is 4201 prime?
True
Is 426515 prime?
False
Is 295807 a composite number?
True
Is 30661 a prime number?
True
Is 987293 prime?
True
Is 108565 composite?
True
Is 21001 composite?
False
Is 183437 a composite number?
False
Is 38297 composite?
True
Is 1078471 a prime number?
True
Is 2903 composite?
False
Is 519769 composite?
False
Is 105559 prime?
False
Is 437585 a prime number?
False
Is 11927 a composite number?
False
Is 179337 a composite number?
True
Is 86653 prime?
False
Is 6043 composite?
False
Is 797 composite?
False
Is 25007 composite?
True
Is 14699 composite?
False
Is 455881 composite?
False
Is 38239 a composite number?
False
Is 190897 composite?
True
Is 267095 prime?
False
Is 123259 a composite number?
False
Is 63467 a prime number?
True
Is 67457 composite?
True
Is 699014 composite?
True
Is 58385 prime?
False
Is 89591 prime?
True
Is 9173 prime?
True
Is 15817 prime?
True
Is 268259 prime?
False
Is 341797 a composite number?
True
Is 6401 composite?
True
Is 7978 composite?
True
Is 11657 a prime number?
True
Is 2653 composite?
True
Is 6101 prime?
True
Is 34123 composite?
False
Is 43777 composite?
False
Is 347285 a prime number?
False
Is 278017 a composite number?
False
Is 648471 a composite number?
True
Is 161519 a prime number?
False
Is 17623 prime?
True
Is 6467 a composite number?
True
Is 1443613 prime?
True
Is 273935 a composite number?
True
Is 153721 composite?
True
Is 2537803 prime?
True
Is 1990441 a prime number?
True
Is 28093 a prime number?
False
Is 53491 composite?
True
Is 267395 a prime number?
False
Is 96241 a composite number?
True
Is 26627 a prime number?
True
Is 33301 composite?
False
Is 37291 a composite number?
True
Is 1306 a composite number?
True
Is 34457 a prime number?
True
Is 81409 composite?
False
Is 26539 a composite number?
False
Is 31841 composite?
True
Is 38039 composite?
False
Is 2789 composite?
False
Is 7451 a prime number?
True
Is 8453 prime?
False
Is 57637 composite?
False
Is 527867 composite?
True
Is 65749 composite?
True
Is 1693 composite?
False
Is 173039 a composite number?
False
Is 1774937 composite?
False
Is 39279 a prime number?
False
Is 77459 a prime number?
False
Is 499211 a composite number?
False
Is 40879 a composite number?
False
Is 70519 a composite number?
True
Is 4409 a composite number?
False
Is 45295 composite?
True
Is 2165507 a prime number?
False
Is 979 a prime number?
False
Is 1030837 a prime number?
False
Is 140351 prime?
True
Is 6037 a composite number?
False
Is 125141 prime?
True
Is 801623 prime?
False
Is 160917 a composite number?
True
Is 9311 composite?
False
Is 2237 a prime number?
True
Is 304279 prime?
True
Is 464527 prime?
False
Is 441307 composite?
False
Is 895387 a prime number?
True
Is 44579 a prime number?
True
Is 5263463 a composite number?
False
Is 32869 prime?
True
Is 85297 prime?
True
Is 471181 a composite number?
True
Is 122443 a prime number?
True
Is 7327 composite?
True
Is 1555765 composite?
True
Is 1649 a composite number?
True
Is 106849 composite?
True
Is 176977 prime?
True
Is 40101 composite?
True
Is 512969 composite?
True
Is 212227 composite?
False
Is 2929 prime?
False
Is 400369 a composite number?
True
Is 150041 a prime number?
True
Is 59 a prime number?
True
Is 419 a prime number?
True
Is 1761 